be 8/r + 1 + t. Let h(p) = -p**2 + p - 3. Give h(k).
-3
Let a(b) = -b**2 - 3*b - 4. Let g = -7 - -9. Suppose 5*i = 2*c + 52, 2*i + g*c - 38 = -2*i. Suppose 0*v - 2*v = i. Give a(v).
-14
Let o(g) = g**3 - 30*g**2 + 27*g + 69. Let m be o(29). Suppose 0 = m*v - 6 + 17. Let p(i) = 24*i - 1. Give p(v).
-25
Let s(k) be the third derivative of -k**4/6 + 4*k**3 + 2887*k**2. Calculate s(8).
-8
Let w(o) = -59*o - 234. Let f(t) = -104*t - 470. Let i(v) = 6*f(v) - 11*w(v). What is i(10)?
4
Suppose y + 2 = -2*u - y, -u + 2*y + 11 = 0. Let b(p) = -5*p - 3*p**2 + u*p**2 + 2*p**2 - 2 - 3*p**2. Let n = -44 + 39. Determine b(n).
-2
Let h(b) = -3*b**2 + b + 4. Suppose -5*t + 19 = -2*u, 2*u - t + 4*t = 5. Let l be h(u). Let r(o) = o**3 + 10*o**2 + o - 7. Calculate r(l).
-17
Let z(t) be the third derivative of 1/6*t**3 + 0*t + 0*t**4 + 3*t**2 - 2 - 1/15*t**5. Suppose 6 = -4*h + 2. Give z(h).
-3
Suppose 304 = -48*g - 32. Let x(q) = 2*q**2 + 2*q + 10. Give x(g).
94
Let c(f) be the third derivative of -f**6/120 + 7*f**5/60 - f**4/3 + 7*f**3/6 + 5*f**2 + 530*f. Suppose -2*l + 11 = -1. Give c(l).
-5
Let g(a) = a - 139. Let d(l) = 3*l - 254. Let c(t) = 4*d(t) - 7*g(t). Determine c(10).
7
Let v(h) = -5*h + 28. Let b(l) = -26*l + 137. Let j(o) = -2*b(o) + 11*v(o). Calculate j(3).
25
Let b(p) = p**3 + 34*p**2 + 32*p - 27. Let l be 3/2*(4 - 2)*-11. Let q be b(l). Let u(f) = -f**3 + 7*f**2 - 8*f + 5. Give u(q).
-7
Let x(g) = 2*g**2 - 25*g + 11. Suppose -z = -12*d + 16*d - 52, d - 27 = -2*z. Give x(d).
-22
Let m(v) = -v**3 + 4*v**2 + 4*v + 18. Let b = -4598 + 4604. Determine m(b).
-30
Let t(k) be the first derivative of k**4/4 - 2*k**3 - 7*k**2/2 + 7*k + 2533. Determine t(7).
7
Let l(t) = -2*t**3 + 23*t**2 - 2*t + 3. Let k(d) = -d**3 + 6*d**2 - d + 2. Let r(u) = 3*k(u) - l(u). Determine r(-5).
8
Let z = -58 + 60. Suppose -77 = -z*u + 5. Let f = u + -40. Let y(n) = 2*n - 1. What is y(f)?
1
Let k = -3379 - -3374. Let l(x) = 6*x + 5. What is l(k)?
-25
Let r(p) be the third derivative of -p**5/60 + p**3/3 - p**2 + 56*p. Suppose -4*u = 4*v - 20, -u + 3*u = -3*v + 13. Calculate r(u).
-2
Let o(x) = -x. Let n be o(-5). Suppose -n*i - 14 = -2*w, -3*w - 4 = -5*w. Let u(h) be the first derivative of 5*h**2/2 + 35. Give u(i).
-10
Let b(x) be the first derivative of 7*x**2 - 2*x - 1190. Calculate b(-1).
-16
Let c(y) = y**3 - 10*y**2 + 2*y - 13. Suppose -4*j = 212 - 228. Suppose -5 = -2*u + 3*o, j*u = 4*o + 28 - 8. Determine c(u).
7
Let b be (-3)/(3/(-4)) + -3. Let i(n) = 21*n - 13092 + 13092. What is i(b)?
21
Let c(q) = -5*q**2 - q - 1. Suppose 0 = 4*f - 16 - 0. Suppose d = -4*u - f*d + 193, 50 = u + 3*d. Let w = u + -48. Determine c(w).
-5
Suppose 3*p + 133 = -137. Let b be 56/9 - (-20)/p. Suppose -9*o - 24 = -b. Let s(i) = i. Give s(o).
-2
Let k(p) = -4*p**3 - p**2 + 2*p - 1. Let a(i) = 17*i**3 + 5*i**2 - 7*i + 3. Let m(h) = 2*a(h) + 9*k(h). Calculate m(3).
-36
Let p(d) = -d**2 + 45*d + 424. Let t be p(53). Let q(z) be the third derivative of -1/6*z**3 + t*z - 18*z**2 + 1/60*z**5 + 0 + 1/6*z**4. Determine q(-5).
4
Let g = 441 - 441. Let j(m) = -25*m + 10. Let z be j(g). Let f(p) = p - 5. What is f(z)?
5
Suppose -10*b = -8*b - 4. Let d(s) = 0*s**2 + 0*s**2 + 3 - 3*s**2 + 6*s - s**3 - s**b. Let g(u) = 2*u**2 + 37*u - 24. Let q be g(-19). Calculate d(q).
-2
Let j(p) = -p**2 - 2*p + 13. Let d(m) = m**2 + 6*m - 13. Let x(a) = -2*d(a) - 3*j(a). Calculate x(9).
14
Let o(m) be the second derivative of -20*m + 1/60*m**5 + 0 + 1/6*m**4 + 5/3*m**3 + 0*m**2. Let r(g) be the second derivative of o(g). What is r(6)?
16
Let z(x) = 8*x - 49. Let t = 16061 - 16054. Calculate z(t).
7
Let f(h) = -7*h**3 + 7*h**2 + 16*h + 2. Let m(b) = 3*b**3 - 4*b**2 - 8*b + 1. Let u(p) = -2*f(p) - 5*m(p). Calculate u(7).
-2
Suppose -5*s + 4*f - 42 = 0, 4*f = -5*s - 25 + 7. Suppose 28*v = 21*v + 42. Let z(u) = -33*u - 5 + 27*u - v - u**2 + 5. Calculate z(s).
-6
Let p(u) be the second derivative of u**5/20 + 9*u**2/2 - 3*u. Suppose 3*v = -3*h + 15, 7*v - 20 = 4*v - 4*h. What is p(v)?
9
Let d(q) = -5*q**2 + 3*q - 57. Let h(g) = g**2 + 3*g + 16. Let y(b) = -d(b) - 6*h(b). What is y(-17)?
29
Let v(d) be the third derivative of -d**6/120 - d**5/12 - d**4/24 - 5*d**3/2 + d**2 + d + 2897. Calculate v(-4).
-27
Let b(s) = -230*s + 100*s + 8 + 127*s. Calculate b(3).
-1
Suppose 0 = -5406*s + 5415*s. Let n(c) = -9*c + 7. Give n(s).
7
Let r(u) = -u**2 + 12*u - 28. Let i be 51/28 - 45/20 - (-62)/14. Give r(i).
4
Let t(j) = -16*j + 159. Let r be t(9). Let b(g) = g - 8. Give b(r).
7
Let b(q) = -q**2 + 5*q - 15. Let v be b(-5). Let d = -71 - v. Let n(l) = l**2 + 8*l + 2. Give n(d).
-10
Let k(m) = m**2 + 19*m + 27. Let b(c) = c**3 - 51*c**2 - 10*c + 497. Let z be b(51). Determine k(z).
-51
Suppose 964 = 6*w + 3298. Let l = -244 - w. Let x(h) = 145 - 5*h**2 - l. What is x(-1)?
-5
Let p(i) = i**3 + 21*i**2 + 2*i + 29. Suppose 39*g + 777 = 2*g. Give p(g).
-13
Let r(l) be the first derivative of -l**4/2 + l**3/3 - 3*l**2/2 + 3*l - 2. Suppose 1294 = -8*u - 546. Let n = 232 + u. Determine r(n).
-15
Let l(o) be the second derivative of 11*o**3/6 + 47*o**2/2 + 58*o. Let q(z) = 4*z + 16. Let k(y) = -3*l(y) + 8*q(y). Determine k(-6).
-7
Let b be (-30 - -30)*(-2)/(-6). Let m(l) = -l**2 + 7*l + 3. Let g be m(7). Let n(y) = 13*y - 10 - g - 12*y. Determine n(b).
-13
Let k(y) = -2*y + 5. Suppose m - 3*n = -234, -2*m - 478 = -13*n + 9*n. Let t = m - -254. Give k(t).
-5
Let k(n) = n**3 + 3*n**2 - 4*n + 3. Let p(w) = w**2 + 15*w - 52. Let r be p(-11). Let j be 464/r + 15/18. Give k(j).
3
Let q(r) be the second derivative of 28*r + 1/2*r**3 + 3 + 17/2*r**2. Determine q(-8).
-7
Let w(a) = 3*a + 15. Let q be w(-5). Let p(f) = -4*f + 23. Let n be p(q). Suppose -2*m - 2 = 4*l + 6, -4*m + 5*l = -n. Let v(r) = r**2 - r. Determine v(m).
2
Let o(b) = -58*b**3 + 5*b - 75*b**3 - 3*b + 0*b + 143*b**3 + 2. Determine o(-1).
-10
Let r(n) = 6*n - 80. Let h(t) = -11. Let k(b) = -7*h(b) + r(b). Determine k(0).
-3
Let s(y) be the third derivative of y**5/30 - y**4/4 + y**3/2 + 7*y**2. Let x be (-4)/1 - (-17 + (-1 - -12)). Determine s(x).
-1
Let s(a) = -12*a**2 + 73*a - 8. Let q be s(6). Let m(u) = -3*u**3 - 5*u**2 - 5*u. Calculate m(q).
14
Let j(s) = -70*s - 1826. Let n be j(-26). Let u(d) = 5*d**2 + 4*d - 10. Let i(b) = -11*b**2 - 8*b + 21. Let w(t) = 4*i(t) + 9*u(t). Calculate w(n).
6
Let q(w) = -1802 + 1880 + 11*w + w. Give q(-13).
-78
Suppose 0 = 3*m + 2*o - 3, 2*o = -0*m - m + 5. Let n be 2 + (m - 5) - -10. Let j(p) = -p**3 - 13 + 2*p - 6*p**2 - 4 + 11 + 2*p**3. Calculate j(n).
6
Let p(o) = -25*o + 1534*o**2 - 9 - 3 - 2 - 10*o - 1532*o**2. Calculate p(18).
4
Suppose -13154*s + 13135*s = 0. Let g(i) = 18*i - 8. Determine g(s).
-8
Let m(t) be the second derivative of -t**6/24 + t**5/120 - 33*t**4/4 + 2*t + 12. Let h(r) be the third derivative of m(r). Calculate h(1).
-29
Let x(t) = 5*t**2 + 11. Suppose u + 13 = o, 3*u = 3*o - o - 22. Let d(n) = 14*n**2 + 32. Let f(y) = o*x(y) - 6*d(y). Let c = -11 - -15. What is f(c)?
11
Let y(i) = i**2 + i - 34. Let b(u) = -u**3 - 21*u**2 - 28*u - 1106. Let p be b(-22). Give y(p).
-4
Let o(z) be the third derivative of z**5/60 - 7*z**4/12 - 16*z**3/3 + 1563*z**2. What is o(16)?
0
Let r(q) = -q**3 + 22*q**2 - 60*q + 19. Let g be r(3). Let v(i) be the third derivative of -i**4/24 + 8*i**3/3 + 2*i**2. Determine v(g).
6
Let g be 4/9 + 154/99. Suppose -s = 2*z - 59, -2*s + 23 + 35 = g*z. Suppose -28*d + z = -33*d. Let c(p) = -p**2 - 8*p - 2. Calculate c(d).
10
Let q(d) = d**3. Let z(i) = -i**3 + i**2 + 12*i + 5. Let w(b) = b**3 - 26*b - 11. Let u(k) = 3*w(k) + 7*z(k). Let o(r) = 5*q(r) + u(r). Calculate o(-6).
2
Let d = 7 - 3. Let f be 29/d + 9/(-36). Let q(x) = -7*x**2 - 8 - 11*x**3 - 5*x**3 - 2*x**3 + 20*x**3 - x**3. Give q(f).
-8
Let q(f) = 2*f**2 + 62*f + 1. Let s(m) = -3*m**2 - 61*m - 2. Let h(p) = 4*q(p) + 5*s(p). Let o be h(-8). Let y(g) = -2*g**3 - g**2 + 3*g - 1. What is y(o)?
-15
Let o(x) = 14*x - 98. Let i = -318 + 314. Let v(t) = -5*t + 34. Let r(m) = i*o(m) - 11*v(m). Determine r(13).
5
Let b(j) = j**3 - 29*j**2 + 118*j + 49. Let k be b(24). Let g(z) = -9*z + 15. Determine g(k).
6
Let y(b) = -b**3 + b**2 - 3. Suppose 10*t - 6*t - 8 = 0. Suppose 8*v - 10*v - t*v = 0. Give y(v).
-3
Let t(v) = v**3 + 11*v**2 - 2*v - 17. Let w be